et u = -2 + x. Suppose -3*v + 3 = 0, 5*f = 3*v + 51 - u. What are the prime factors of f?
7
Let i be -2 + 1 + -8 - -3. List the prime factors of 150/5 - (-3 - i).
3
Suppose -5 = -2*r - 19. Suppose 4*v + 3*c = 31, -4*v + 5*c - 13 = -v. Let q = v - r. List the prime factors of q.
11
Let r(u) = 4*u**2 + 4*u - 15. What are the prime factors of r(8)?
3, 7, 13
Suppose -14*k = -2429 - 2177. What are the prime factors of k?
7, 47
Suppose -d - 5*i - 5 = 15, 4*i + 16 = 0. Suppose k + 4*k - 30 = d. What are the prime factors of k?
2, 3
Let p = 13 + 9. List the prime factors of p.
2, 11
Let s = 28 - 8. Suppose -5*w = 2*c - 12, -c + 3*w - s = c. List the prime factors of -2 - (-1 - c - 25).
2, 5
Let q(j) = 2*j - 1. Let v be q(-1). List the prime factors of ((-4)/(-3))/(v/(-18)).
2
Let n(q) = -2*q**2 - 2*q - 1. Let f be n(-2). Suppose 4*k + 2*v + 2*v = -384, 273 = -3*k + 2*v. What are the prime factors of k/(-15) + 1/f?
2, 3
Let v(i) = -1. Let g(z) = z. Let k(b) = -5*g(b) + v(b). What are the prime factors of k(-2)?
3
Let t(n) = -12*n + 1 + 1 + n**2 + 4*n. Let i be t(7). Let w = i + 8. List the prime factors of w.
3
Suppose -173 = -3*h + 7. Suppose -4*i - i + h = 0. What are the prime factors of i?
2, 3
Suppose -4*t = -5*t - 2. List the prime factors of (t/4)/(1/(-8)).
2
Let d(l) = -2*l**2 + l + 1. Let p be 2/1 + 0/4. Let c be d(p). Let h = c - -11. What are the prime factors of h?
2, 3
What are the prime factors of 88/(-6)*24/(-16)?
2, 11
Suppose 4*t = 98 + 58. Let j = t + -14. Let r = 41 - j. List the prime factors of r.
2
Let m be (148/6)/((-2)/(-3)). Suppose 5*d = h - m, -3*h - d - 3*d + 35 = 0. Let x = h + -11. What are the prime factors of x?
2, 3
Let m(t) = 5*t + 4*t + 24*t + t. List the prime factors of m(1).
2, 17
What are the prime factors of 3*215/(-30)*-10?
5, 43
Let d(y) = 18*y + 5. List the prime factors of d(2).
41
Let y(g) = -g**3 - 2*g**2 - 2*g + 5. List the prime factors of y(-4).
3, 5
Suppose -3*w - 3 = i, 5*i - 4*w - 2 - 2 = 0. Suppose j + i = 2. Suppose -3*x + 30 = j*x. List the prime factors of x.
2, 3
Suppose -5*p + 0*p + 95 = 0. Let c be p/(1/(-2 + 1)). Let h = c + 31. List the prime factors of h.
2, 3
Let s be (-5 - 0)*(-4)/10. Suppose 10 = t + s. List the prime factors of t.
2
Suppose 4 = 4*w - 4*b + 16, -5*b + 31 = 3*w. List the prime factors of w.
2
Let a(z) = z**2 - 3*z + 4. Let f(r) = r**2 + r + 1. Let o(c) = -a(c) + 2*f(c). Let u be o(-4). What are the prime factors of -5*-2*u/(-20)?
3
List the prime factors of (-19)/(-2) + 42/(-28).
2
Suppose -k - 3*k - 112 = 0. What are the prime factors of 5/(-2)*k/5?
2, 7
Let d(r) = -r**2 + 2*r + 48. What are the prime factors of d(0)?
2, 3
Let f be (-1)/(-3) - 35/(-21). Suppose 3*p + 15 = 3*b, b + f*p - 30 = -b. List the prime factors of b.
2, 5
Suppose -3*q + 4*a + 35 = 0, -2*q - 35 = -7*q - 5*a. Let n = 13 - q. What are the prime factors of n?
2
Let s be 0 + 0 - (-81 - -1). Let p be (-6)/21 + s/(-14). Let u = 10 + p. List the prime factors of u.
2
Suppose 5*c - 47 = 3. Let q = -7 + c. Suppose -2*t - q*t - 5*y = -80, 4*t - 5*y = 28. List the prime factors of t.
2, 3
Let z(v) = v - 22. Let b = -26 + 36. Let i be z(b). Let c = 26 + i. What are the prime factors of c?
2, 7
Let p = 2 - -2. Suppose -x - 6 = -p*x. Suppose 2*n + 2*t = -3*n + 50, x*n - 29 = t. List the prime factors of n.
2, 3
Suppose -7*v = -10*v - 54. What are the prime factors of (-1 - 3)/4 - v?
17
Suppose -20 = -4*w + 20. Let f(v) = 1 + 0*v + w*v - 2. What are the prime factors of f(1)?
3
Let x be (22/(-4))/(6/(-24)). Suppose x = 2*f - 3*j, -2 = -4*f + 4*j + 42. What are the prime factors of f?
11
Let f(q) = q**3 + 7*q**2 + 8. Let y be f(-7). Suppose -p = -y - 8. Let j = 3 + p. List the prime factors of j.
19
Suppose 2*v = -0*v + 208. List the prime factors of v.
2, 13
Suppose 506 = -6*g + 1460. What are the prime factors of g?
3, 53
Let h = -5 + 6. Suppose 0 = u - h - 9. What are the prime factors of (12/(-10))/((-2)/u)?
2, 3
List the prime factors of (-1)/((-9)/543)*3.
181
Let x(w) = w**3 - 5*w**2 + 3. Let q be x(5). Suppose o - 8 + q = 0. What are the prime factors of o?
5
Let b(h) = -2*h - 1. Let y be b(-3). Let m(o) = 3*o**2 + 5*o + 3. Let k be m(y). Suppose 5*f = -2*s + k, -f + 4*s = -s + 1. List the prime factors of f.
19
Let n be (-25)/2*20/(-25). Let g = n - 4. List the prime factors of g.
2, 3
Suppose -16*g = -21*g + 230. List the prime factors of g.
2, 23
Suppose -7*y - 40 = -2*y. Let s be (1 + y + 1)*-2. List the prime factors of (-3)/(-18) + 70/s.
2, 3
Suppose -a - 5*m + 16 = 0, 0 = a + a + 4*m - 20. Let z = a + 1. Let c = z - 4. List the prime factors of c.
3
Let y be (-10)/(5 + -3) + -3. What are the prime factors of 1*(4 + -2) - y?
2, 5
Let u(x) = -x**3 + 10*x**2 - 10*x + 6. Let l be u(9). Let d be (5/l - -2)*-9. What are the prime factors of (-2)/d*(-45)/(-3)?
2, 5
Let p be (1 - -1) + (-1 - -2). Suppose 0 = 2*z + 8, 5*z - p = -2*l - 17. List the prime factors of l.
3
Let z(j) = -5*j**3 + 2*j + 1. Let f be z(-1). Suppose -f*t = 32 - 120. What are the prime factors of t?
2, 11
Let i(f) = -2*f - 11. Let r be i(-9). Let p = r - -16. What are the prime factors of p?
23
Let j = -142 + 311. What are the prime factors of j?
13
Let b = -1 - -67. Suppose -b = 2*q - 5*q. What are the prime factors of q?
2, 11
Suppose -19 = -5*c + 1, 0 = -h - 5*c + 84. Suppose -12 = -4*i + h. List the prime factors of i.
19
Let m = 470 + -289. List the prime factors of m.
181
Suppose 0 = j + 2 - 10. Let f(n) = -n**3 + 7*n**2 + 10*n - 12. What are the prime factors of f(j)?
2
Let t(v) = -v**2 - 9*v + 9. Let r be t(-9). Let s = r - -3. List the prime factors of s.
2, 3
What are the prime factors of (-43)/((8 + -4)/(-8))?
2, 43
Suppose 3*m = -56 + 206. What are the prime factors of m?
2, 5
Let y(k) = 3*k**2 - 2*k - 2. List the prime factors of y(-4).
2, 3
Suppose -15*o = -16*o + 16. What are the prime factors of o?
2
Suppose -d + 5*o = 13, 0 = -2*d + o + o - 2. Suppose -d*m + 5*x + 14 = 0, 5*x + 21 = 3*m + x. List the prime factors of m.
7
Suppose 3*c - 44 - 88 = 0. List the prime factors of c.
2, 11
Suppose -4*i = 3*t - 8*t - 397, 5*i + 3*t = 487. List the prime factors of i.
2, 7
Let o = -68 + 98. What are the prime factors of o?
2, 3, 5
Suppose -k - 3*p + 105 = 0, -5*p + 2*p = 5*k - 513. List the prime factors of k.
2, 3, 17
Suppose 24 = -3*x + 3*a, -5*x - 37 = -2*a + 3. Let z be 34/x - (-1)/4. List the prime factors of (-140)/(-12) + z/6.
11
Let j(g) = g**2 + 3*g + 1. Let s be j(-2). Suppose -3*p = -2*p - 8. What are the prime factors of (27/12 + s)*p?
2, 5
What are the prime factors of 2/(1/(2 + 14))?
2
Suppose 5*t - 20 = -50. What are the prime factors of 165/10 + t/4?
3, 5
Suppose -5*x - 7 = -7*i + 6*i, 2*i = 3*x + 49. List the prime factors of i.
2
List the prime factors of 4/(-6) + 184/6.
2, 3, 5
Let z(p) = 8*p**2 + 3*p - 2. Let q(k) = -9*k**2 - 3*k + 3. Let j(r) = 5*q(r) + 6*z(r). List the prime factors of j(-2).
3
List the prime factors of 2*(0 - (-244)/8).
61
Let t(r) = -r + 1. Let y be t(5). Let k(v) = -2*v + 1. What are the prime factors of k(y)?
3
Let s = 153 - 74. What are the prime factors of s?
79
Suppose -6*w - 5*w + 385 = 0. What are the prime factors of w?
5, 7
Let c(m) = -m**2 - 7*m + 2. Let p be c(-5). What are the prime factors of (-4)/16 - (-159)/p?
13
Let t(x) = 4*x - 9. Let z(w) = 1. Let l(b) = t(b) + 5*z(b). List the prime factors of l(4).
2, 3
Let v(u) be the first derivative of u**2/2 - 6*u - 2. Let b be v(8). Suppose m = -4, -b*l = 2*l - 2*m - 36. List the prime factors of l.
7
Let q(r) be the first derivative of -13*r**4/4 + r**3/3 - r**2/2 - 1. Let g be q(1). Let p = -7 - g. List the prime factors of p.
2, 3
Suppose -9*t + 11*t = 76. What are the prime factors of t?
2, 19
Let x be (-4)/2 + (-1 - -1). What are the prime factors of x/(-8) + 83/4?
3, 7
Let b = 1 + 5. Suppose 5*d = 4*s + 53, -5*d + b*s - 3*s = -51. What are the prime factors of d?
3
Let k(s) be the second derivative of -11*s**3/3 + s**2/2 + 3*s. What are the prime factors of k(-1)?
23
What are the prime factors of (-6)/(1*(-12)/16)?
2
Suppose 5*i = 4*v - 126, 4*i = 2*v - 0*v - 66. List the prime factors of v.
29
Suppose o = -2*n + 6*o + 193, 2*n = -o + 163. What are the prime factors of n?
2, 3, 7
Let j(p) = -11*p + 2. Let q be j(-2). Supp